r be y(-2). Let m be w(r). What is the greatest common divisor of 315 and m?
63
Suppose 347340 = 319*q - 101*q - 29146. What is the greatest common divisor of 157 and q?
157
Suppose -141 = -5*n + l, 2*n + 3*l = n + 41. Let h be 114/95 - 119/(-5). Suppose 3*o = x - o - h, 2*o + 56 = 2*x. What is the greatest common factor of n and x?
29
Suppose 60*p - 64*p - 288 = 0. Let v be 2/(-4) + p/(-16). Let r = 12 - v. Calculate the highest common divisor of 40 and r.
8
Suppose 5*z - 56 = -n, -3*z + 1 = -20. What is the greatest common divisor of n and 1785?
21
Suppose -5*g + 4 = -41. Let k be 12/16 + 556794/1512. Calculate the highest common factor of g and k.
9
Let k(f) = -8*f + 49. Let h(q) = 62*q - 342. Let n(u) = -6*h(u) - 44*k(u). Let v be n(-6). Calculate the highest common factor of v and 72.
8
Suppose 0 = -2*i - 3*i + 100. Let t(v) = -v + 60. Let h be t(i). Calculate the greatest common factor of h and 30.
10
Let k(j) = 99*j**3 - j**2 + j + 24. Let y be k(-8). Let g be y/(-128) + 3/(-8). What is the greatest common divisor of g and 66?
66
Let h be ((-165)/2 + -2)/(3/6). Let o = h - -295. Let d = -5 - -23. Calculate the greatest common factor of o and d.
18
Let o be ((-42)/(-4))/(100/14400). What is the highest common divisor of o and 168?
168
Let y be 0 - (2/3)/((-10)/195). Let a(n) be the second derivative of n**3/6 - 5*n**2/2 - 6*n. Let b be a(y). What is the highest common factor of b and 12?
4
Suppose b + 12 - 6 = r, 2*b = -4*r - 24. Let o be (b + 122)/(2/2). What is the highest common divisor of 190 and o?
38
Let l = -186 - -215. What is the greatest common factor of l and 319?
29
Let g = 101492 + -100466. Let a be (-114)/9*(2 - 5). What is the highest common divisor of a and g?
38
Let u be 44/((-1)/(-3 - (-18)/4)). Let s = u - -68. Let c be (8 - 8/(-4))/s. What is the highest common divisor of 15 and c?
5
Let j be 14/(((-9)/(-10))/(1377/306)). Calculate the greatest common factor of 100 and j.
10
Let w(s) = 2*s**3 + 6*s**2 + 2*s. Let r be w(-5). Let g be (0 - 2)/(1/r). Suppose 2*f - 7*f + g = 0. Calculate the greatest common divisor of 4 and f.
4
Let s = -6154 + 6220. Let q = 6 - 8. Let a be 66/q*(-5)/1. What is the greatest common divisor of a and s?
33
Let r(f) = -10*f**2 + 6*f + 2. Let s(h) = 7*h**2 - 6*h - 3. Let t(p) = -3*r(p) - 4*s(p). Let q be t(-4). Calculate the greatest common factor of q and 14.
14
Suppose 0 = 9*t + 493 - 2526 - 2485. What is the highest common divisor of t and 2259?
251
Suppose -2*z = 7 - 11, 3*d - 3*z = 624. Let g(r) = 2*r**2 - 12*r + 10. Let q be g(10). Calculate the highest common factor of d and q.
30
Let c(q) = q**3 - 6*q**2 + 16*q - 501. Let v be c(11). What is the highest common factor of v and 10290?
70
Let n = -488 - -529. Suppose 11220 = n*x - 29*x. What is the greatest common divisor of x and 55?
55
Suppose -112 = -11*p + 130. Let q(m) = -22*m - 418. Let f be q(-32). What is the greatest common factor of p and f?
22
Let z be (3 + -1)*161/(-7). Let u be 1 + 0 - z/1. Calculate the greatest common divisor of u and 47.
47
Suppose 2*p + d = 182, -5*p - 101 + 517 = -4*d. What is the greatest common divisor of p and 9042?
22
Let j = 4710 + -4703. What is the highest common factor of 91 and j?
7
Let v(s) = -189*s**3 + 8*s**2 + 21*s + 41. Let h be v(-4). Calculate the greatest common factor of 13 and h.
13
Let c = 5343 + -718. What is the highest common factor of c and 250?
125
Let s = 15 + 15. Suppose 7*r = -20*r + 1836. Let n = r + -58. What is the highest common factor of s and n?
10
Suppose -4*q = q + 70. Let g = 24 - q. Suppose 0 = 541*l - 545*l - 5*z + 345, l - z = 102. What is the greatest common factor of g and l?
19
Let k be 42603/24 - ((-78)/16 - -5). What is the highest common divisor of 50 and k?
25
Let s = 62 - 33. Let n(o) = -o**3 + 94*o**2 - 181*o + 188. Let j be n(92). What is the highest common divisor of j and s?
29
Suppose -13*c = -1054 - 90. Suppose 15*f = 19*f + 5*n - c, 124 = 4*f - 4*n. What is the highest common divisor of f and 351?
27
Let l = 1262 + -1140. Let z(i) = -6*i**2 - 8*i - 5. Let h be z(-5). Let p = h + l. What is the highest common factor of 56 and p?
7
Let y(w) = -5 + 7*w + w**2 + w - 12. Suppose -4*f + 36 = -16*g + 21*g, -3*g + 36 = 4*f. Let o be y(f). What is the highest common factor of 17 and o?
17
Suppose -11*p + 967 = 274. Suppose 0 = p*l - 72*l + 99. Let w = -25 - -69. Calculate the highest common divisor of w and l.
11
Suppose 2*r = 3*l - 74, -3*l - 3*r + 43 = -56. Suppose 9*o = 11*o - l. Calculate the greatest common factor of 126 and o.
14
Let x = -25 - 35. Let r = x + 57. Let h = r + 67. Calculate the highest common divisor of 8 and h.
8
Let y = 169 + -164. Suppose -y*z + 48 = -z. Calculate the greatest common factor of z and 12.
12
Let z = 57 + -54. What is the highest common factor of z and 198?
3
Let x be ((5/(-2))/5)/(((-198)/756)/11). What is the greatest common divisor of x and 63?
21
Suppose -101 = -b - 5*s, -2*b + 2*s + 274 = 108. Suppose 234 = 92*j - b*j. Calculate the highest common factor of j and 169.
13
Suppose 4*s = 2*c - 2958, s + 211 = 5*c - 524. Let f = s - -754. Let h be ((-28)/6)/((-2)/15). What is the greatest common factor of h and f?
7
Let g be 52/(-12) + 1 - 1185720/(-369). What is the highest common factor of g and 90?
30
Let u(r) = -3*r - 4. Let y be u(-5). Let v(t) = -t + 63. Let z be v(y). Let o = 41 + 89. What is the greatest common factor of o and z?
26
Suppose 0 = 4*p - 7*p + 405. Let r be ((-3)/9)/(5/p). Let q be 3/(r/(-75)) - (5 + -3). What is the greatest common factor of q and 23?
23
Suppose c = 10*c - 45. Let f be (0 - c)/(3/(-6)). Calculate the greatest common factor of f and 240.
10
Let z(u) = -u**2 - 9*u + 11. Let x be z(-12). Let a be 0 + 27 + (x - -22). What is the greatest common divisor of a and 228?
12
Suppose 0 = 5*b + 35, 2*b = -q + 1685 + 440. What is the highest common factor of q and 62?
31
Let m = -6714 + 7014. Calculate the highest common factor of m and 1980.
60
Let w(j) = -j**2 - 11*j + 8. Let m be w(0). Let v be 10/m - 2820/(-48). What is the greatest common factor of 12 and v?
12
Let l be ((-54)/2)/(207/(-483)). Let m(w) = -w + 32. Let r be m(4). Calculate the greatest common factor of r and l.
7
Suppose 0 = -o + r + 669, 5*o - 3680 + 321 = -2*r. What is the highest common factor of o and 244?
61
Let j(x) = -x + 214. Let g be j(-42). Let p(t) = t**3 - 10*t**2 + 2*t - 12. Let z be p(10). What is the highest common factor of z and g?
8
Let v = 9598 - 9553. Calculate the greatest common divisor of 17325 and v.
45
Let p be 15 + -9 + 3979/4 - (-5)/20. Calculate the greatest common factor of p and 728.
91
Suppose 10*d - 12*d = 602. Let j = -297 - d. What is the highest common factor of 12 and j?
4
Let i = -438 + 459. Suppose 5 = -10*y + 9*y, -l = 5*y + i. Calculate the highest common divisor of l and 5.
1
Let z(r) = -r**3 + 135*r + 204. Let o be z(0). What is the highest common factor of 16932 and o?
204
Let h(l) = l**3 + 19*l**2 + 16*l - 62. Let g be h(-18). Let i = g + 53. Calculate the greatest common factor of 783 and i.
27
Suppose 24*v - 4774 = 3794. Calculate the highest common factor of 833 and v.
119
Let y(k) = -30 - 8*k - 4*k - 7*k**2 + 8*k**2 - 3*k. Let d be y(17). Suppose 5 = l, -3*u + d = -u - 4*l. What is the greatest common factor of 276 and u?
12
Suppose 212 = 5*h - 2*h + c, -2*h - 5*c = -124. Suppose -51*k + 48*k = -h. What is the highest common divisor of k and 108?
12
Let q(t) = -t**2 + 88*t - 1487. Let j be q(32). Suppose 10*y = 3*y + 427. What is the highest common divisor of j and y?
61
Let c(w) = 8*w**3 - 18*w**2 - 6*w - 2. Let k be c(10). Calculate the greatest common factor of k and 99.
99
Let r = -29037 - -29056. Let b(p) = -6*p**3 - 4*p**2 - 2*p. Let h be b(-2). Let i = -17 + h. Calculate the greatest common factor of r and i.
19
Let o = -81 + 88. Suppose o*y + 3*m + 117 = 4*y, 2*m = 2*y + 82. Let p be (-135)/y - ((-10)/16 - -1). Calculate the greatest common factor of p and 1.
1
Let m = -13343 - -13386. Calculate the highest common divisor of 22 and m.
1
Suppose -8*p - p = -21055 + 5467. What is the highest common factor of p and 28?
4
Let c(s) be the first derivative of -20*s**2 - 61*s - 79. Let o be c(-4). Calculate the greatest common divisor of o and 66.
33
Let k(n) = -15*n + 109